 the highest common divisor of 71896235 and 20.
5
What is the highest common factor of 3060 and 1653318?
306
Calculate the highest common divisor of 18202401 and 43911.
2583
What is the highest common divisor of 2623955 and 460?
115
What is the greatest common divisor of 102419437 and 31993?
2461
What is the greatest common divisor of 253615741 and 17?
17
What is the highest common divisor of 46133475 and 237152?
7411
What is the greatest common factor of 3066891 and 705?
141
Calculate the greatest common factor of 360 and 149198535.
45
What is the highest common divisor of 9 and 3057837?
3
What is the highest common divisor of 112014416 and 92?
92
What is the greatest common divisor of 2740235 and 2255?
205
What is the greatest common factor of 5997176 and 2848?
712
Calculate the highest common divisor of 1365328 and 200.
8
What is the greatest common factor of 53119 and 363931?
439
Calculate the greatest common divisor of 226081 and 3884987.
1387
What is the highest common divisor of 4724127 and 1917?
639
Calculate the highest common factor of 473 and 949913.
43
What is the greatest common factor of 1170 and 27755910?
1170
Calculate the highest common factor of 4553 and 2122954.
157
What is the highest common factor of 629245 and 3176?
397
What is the greatest common divisor of 1089 and 7258911?
363
Calculate the greatest common factor of 432 and 961.
1
What is the greatest common divisor of 1518 and 4758006?
66
Calculate the greatest common divisor of 125123 and 6433457.
593
What is the greatest common divisor of 648 and 8822952?
216
What is the highest common divisor of 179094 and 67122546?
9426
Calculate the highest common factor of 757068 and 146211.
897
Calculate the highest common divisor of 303020 and 658360.
2180
What is the greatest common divisor of 9259 and 712859669?
9259
Calculate the greatest common divisor of 4991115 and 3519.
1173
Calculate the highest common divisor of 4117 and 782767.
179
What is the greatest common factor of 14 and 48938078?
14
Calculate the greatest common factor of 1512608 and 48.
16
What is the greatest common factor of 23 and 309246201?
23
What is the greatest common factor of 6327606 and 48?
6
Calculate the highest common factor of 1152445 and 266665.
665
What is the highest common divisor of 90116470 and 78110?
1070
Calculate the highest common divisor of 2616 and 1802642.
218
What is the greatest common divisor of 22642587 and 18?
9
What is the greatest common divisor of 8285984 and 80?
16
What is the highest common factor of 8610 and 100443?
21
Calculate the highest common factor of 23543813 and 781.
71
Calculate the greatest common factor of 1280 and 32517560.
40
What is the greatest common factor of 4654 and 165258886?
4654
Calculate the greatest common divisor of 1754087 and 1269.
47
What is the greatest common divisor of 33 and 3698314653?
33
Calculate the greatest common divisor of 2870208 and 33.
33
What is the greatest common factor of 36 and 5482788?
12
What is the highest common factor of 2349 and 13346757?
261
What is the greatest common divisor of 4334220 and 10769?
121
What is the greatest common factor of 48983 and 3582469?
671
What is the highest common divisor of 250 and 334128875?
125
What is the highest common factor of 420 and 82666290?
210
Calculate the highest common factor of 36 and 4469274.
18
What is the greatest common divisor of 78640 and 174887496?
7864
Calculate the highest common factor of 848 and 861674.
106
Calculate the highest common factor of 15399208 and 488.
8
What is the highest common divisor of 351 and 829251?
27
Calculate the greatest common factor of 225 and 43720605.
45
Calculate the greatest common factor of 1118 and 290602.
26
Calculate the greatest common factor of 1215 and 14355.
45
What is the greatest common factor of 6 and 243423270?
6
What is the highest common factor of 27887 and 9931169?
79
What is the highest common divisor of 2471576 and 14971?
1361
Calculate the highest common factor of 670 and 859780850.
670
Calculate the greatest common factor of 11271 and 13871.
13
Calculate the highest common factor of 41546241 and 11.
11
What is the highest common divisor of 48 and 118312856?
8
Calculate the greatest common divisor of 112320 and 315.
45
What is the greatest common divisor of 91121393 and 164?
41
Calculate the highest common factor of 188073 and 31221.
9
Calculate the highest common factor of 1715334 and 724404.
6834
Calculate the greatest common factor of 120748 and 220.
4
What is the greatest common factor of 84730 and 479335?
185
Calculate the highest common divisor of 939788596 and 1396.
1396
Calculate the highest common divisor of 482090 and 13632.
142
Calculate the greatest common factor of 14650 and 17715366.
586
What is the highest common divisor of 1206 and 941573244?
402
What is the greatest common factor of 21730 and 32119810?
410
Calculate the highest common divisor of 2593980 and 1980.
180
What is the highest common divisor of 345 and 142470510?
345
What is the highest common divisor of 11299288 and 847?
77
Calculate the greatest common factor of 4487049 and 105.
21
Calculate the highest common factor of 809370 and 11849600.
5290
What is the highest common divisor of 582850375 and 93?
31
What is the greatest common factor of 1152033952 and 1018?
1018
Calculate the highest common divisor of 27105 and 3727563.
417
Calculate the greatest common divisor of 1074012 and 36.
12
What is the greatest common divisor of 78280 and 11049840?
4120
What is the greatest common divisor of 6825 and 2733325?
175
Calculate the highest common factor of 27630 and 329445.
45
Calculate the highest common factor of 25593 and 237132615.
1347
What is the highest common divisor of 176 and 754872844?
44
What is the highest common divisor of 42 and 2130696?
6
What is the highest common divisor of 26526303 and 123?
123
What is the highest common divisor of 71405169 and 8103?
219
Calculate the greatest common factor of 932222 and 26774.
2434
Calculate the highest common factor of 31509534 and 2142.
714
What is the greatest common factor of 863079 and 3378?
1689
Calculate the greatest common divisor of 1248 and 1956786.
78
Calculate the highest common divisor of 344654 and 15949.
389
What is the greatest common divisor of 211236 and 67377?
1821
What is the greatest common factor of 14 and 8210426?
14
Calculate the greatest common factor of 1628766 and 90.
18
Calculate the greatest common factor of 35306 and 1965043.
139
Calculate the greatest common divisor of 628 and 93517364.
628
What is the highest common divisor of 21494539 and 319?
319
Calculate the highest common divisor of 4639959 and 510408.
1251
What is the highest common divisor of 148563 and 16609926?
2913
What is the greatest common factor of 31690250 and 25?
25
Calculate the highest common factor of 8668 and 84348.
44
Calculate the highest common divisor of 31777 and 58781.
43
What is the greatest common factor of 793 and 15616?
61
Calculate the highest common factor of 8 and 153501736.
8
Calculate the greatest common divisor of 135459 and 7735257.
783
What is the highest common factor of 944601720 and 190?
190
What is the greatest common divisor of 25321383 and 6?
3
Calculate the highest common divisor of 351815 and 782.
17
What is the highest common factor of 85398277 and 36066?
6011
What is the greatest common factor of 13169 and 3136783?
13
What is the highest common factor of 3630607 and 7358?
283
Calculate the greatest common divisor of 902 and 8657847.
451
Calculate the highest common divisor of 1625 and 12604475.
325
Calculate the greatest common divisor of 20 and 453844.
4
Calculate the greatest common divisor of 6901 and 1452225.
67
Calculate the greatest common divisor of 42080 and 2470.
10
What is the greatest common divisor of 94155919 and 572?
143
What is the greatest common factor of 3702 and 15390448?
1234
What is the greatest common divisor of 1 and 56776457?
1
What is the greatest common factor of 5633901 and 117?
117
Calculate the highest common factor of 520 and 326950.
130
Calculate the greatest common factor of 2802298 and 279932.
2978
Calculate the greatest common factor of 185 and 17379085.
185
What is the highest common divisor of 30737368 and 992?
248
What is the high